30 is divided by 16?
10
What is the remainder when 162943 is divided by 1495?
1483
What is the remainder when 2342 is divided by 1082?
178
What is the remainder when 176219 is divided by 1207?
1204
What is the remainder when 10240 is divided by 1705?
10
Calculate the remainder when 57937 is divided by 61.
48
Calculate the remainder when 50463 is divided by 16818.
9
Calculate the remainder when 4166 is divided by 57.
5
Calculate the remainder when 4546 is divided by 594.
388
Calculate the remainder when 15147 is divided by 75.
72
What is the remainder when 77157 is divided by 19288?
5
What is the remainder when 242479 is divided by 112?
111
What is the remainder when 737 is divided by 80?
17
Calculate the remainder when 1746 is divided by 135.
126
Calculate the remainder when 5347 is divided by 314.
9
Calculate the remainder when 236765 is divided by 1879.
11
What is the remainder when 30708 is divided by 26?
2
Calculate the remainder when 569 is divided by 270.
29
Calculate the remainder when 22935 is divided by 535.
465
What is the remainder when 1962 is divided by 132?
114
Calculate the remainder when 10488 is divided by 582.
12
What is the remainder when 13299 is divided by 1504?
1267
Calculate the remainder when 131094 is divided by 256.
22
Calculate the remainder when 91873 is divided by 175.
173
Calculate the remainder when 122293 is divided by 25.
18
Calculate the remainder when 93241 is divided by 1579.
80
What is the remainder when 62648 is divided by 1740?
8
Calculate the remainder when 2303616 is divided by 18.
12
What is the remainder when 537 is divided by 176?
9
Calculate the remainder when 7156 is divided by 2385.
1
Calculate the remainder when 61148 is divided by 424.
92
What is the remainder when 371 is divided by 117?
20
Calculate the remainder when 18735 is divided by 61.
8
What is the remainder when 1037 is divided by 370?
297
Calculate the remainder when 400733 is divided by 16.
13
Calculate the remainder when 1205 is divided by 1184.
21
Calculate the remainder when 20468 is divided by 1344.
308
Calculate the remainder when 804077 is divided by 262.
261
Calculate the remainder when 10204 is divided by 9.
7
Calculate the remainder when 1122561 is divided by 139.
136
What is the remainder when 557220 is divided by 661?
658
What is the remainder when 19105 is divided by 91?
86
Calculate the remainder when 10060 is divided by 810.
340
What is the remainder when 4659 is divided by 74?
71
What is the remainder when 33146 is divided by 844?
230
What is the remainder when 10097 is divided by 23?
0
What is the remainder when 30892 is divided by 6?
4
What is the remainder when 189336 is divided by 32?
24
What is the remainder when 52697 is divided by 507?
476
What is the remainder when 16800 is divided by 221?
4
Calculate the remainder when 167957 is divided by 129.
128
Calculate the remainder when 195987 is divided by 48982.
59
What is the remainder when 736 is divided by 29?
11
Calculate the remainder when 15372 is divided by 15362.
10
What is the remainder when 3061 is divided by 392?
317
What is the remainder when 1035 is divided by 44?
23
Calculate the remainder when 24581 is divided by 431.
14
Calculate the remainder when 6342 is divided by 455.
427
What is the remainder when 42 is divided by 27?
15
Calculate the remainder when 143020 is divided by 93.
79
Calculate the remainder when 3917 is divided by 97.
37
Calculate the remainder when 7241 is divided by 688.
361
What is the remainder when 921 is divided by 231?
228
Calculate the remainder when 31617 is divided by 959.
929
Calculate the remainder when 5875 is divided by 2911.
53
Calculate the remainder when 31695 is divided by 1378.
1
Calculate the remainder when 6878 is divided by 745.
173
What is the remainder when 28400 is divided by 134?
126
Calculate the remainder when 7296 is divided by 2432.
0
Calculate the remainder when 18339 is divided by 9160.
19
What is the remainder when 6101 is divided by 1215?
26
What is the remainder when 962846 is divided by 30?
26
What is the remainder when 22779 is divided by 165?
9
Calculate the remainder when 147384 is divided by 324.
288
What is the remainder when 24000 is divided by 1599?
15
What is the remainder when 213 is divided by 208?
5
Calculate the remainder when 657897 is divided by 219295.
12
Calculate the remainder when 7669 is divided by 3775.
119
Calculate the remainder when 1323 is divided by 67.
50
What is the remainder when 15558 is divided by 779?
757
Calculate the remainder when 1633 is divided by 91.
86
What is the remainder when 9517 is divided by 1583?
19
Calculate the remainder when 62837 is divided by 7.
5
What is the remainder when 17261981 is divided by 59?
56
Calculate the remainder when 7649 is divided by 199.
87
Calculate the remainder when 287096 is divided by 95696.
8
What is the remainder when 2179 is divided by 853?
473
Calculate the remainder when 65885 is divided by 70.
15
Calculate the remainder when 39763 is divided by 19.
15
What is the remainder when 1833 is divided by 40?
33
What is the remainder when 6171 is divided by 16?
11
Calculate the remainder when 938425 is divided by 283.
280
What is the remainder when 99077 is divided by 23?
16
What is the remainder when 68690 is divided by 277?
271
What is the remainder when 16751 is divided by 119?
91
Calculate the remainder when 3785 is divided by 751.
30
What is the remainder when 844 is divided by 450?
394
Calculate the remainder when 570 is divided by 177.
39
What is the remainder when 139502 is divided by 11622?
38
Calculate the remainder when 449832 is divided by 369.
21
What is the remainder when 702 is divided by 11?
9
Calculate the remainder when 1754889 is divided by 143.
136
What is the remainder when 667861 is divided by 83482?
5
What is the remainder when 542887 is divided by 483?
478
Calculate the remainder when 2745 is divided by 34.
25
What is the remainder when 539626 is divided by 759?
736
What is the remainder when 30617 is divided by 4373?
6
What is the remainder when 1286362 is divided by 18?
10
What is the remainder when 1084 is divided by 527?
30
What is the remainder when 1108 is divided by 403?
302
What is the remainder when 35693 is divided by 54?
53
Calculate the remainder when 905 is divided by 243.
176
What is the remainder when 82626 is divided by 163?
148
What is the remainder when 112703 is divided by 96?
95
Calculate the remainder when 1642 is divided by 1427.
215
Calculate the remainder when 576926 is divided by 11.
9
Calculate the remainder when 531984 is divided by 463.
460
What is the remainder when 56919 is divided by 2587?
5
What is the remainder when 19575 is divided by 698?
31
What is the remainder when 36024 is divided by 36022?
2
What is the remainder when 240239 is divided by 65?
64
Calculate the remainder when 4882 is divided by 4851.
31
Calculate the remainder when 6249 is divided by 12.
9
Calculate the remainder when 173989 is divided by 56.
53
What is the remainder when 652 is divided by 87?
43
Calculate the remainder when 15770 is divided by 684.
38
Calculate the remainder when 1097 is divided by 1033.
64
What is the remainder when 26479 is divided by 184?
167
What is the remainder when 3150 is divided by 657?
522
Calculate the remainder when 241617 is divided by 25.
17
Calculate the remainder when 23275 is divided by 120.
115
What is the remainder when 8865 is divided by 11?
10
What is the remainder when 60529 is divided by 12104?
9
Calculate the remainder when 3711258 is divided by 16.
10
Calculate the remainder when 8380 is divided by 2785.
25
What is the remainder when 109602 is divided by 113?
105
Calculate the remainder when 21060 is divided by 57.
27
What is the remainder when 90410 is divided by 30135?
5
What is the remainder when 2025 is divided by 998?
29
What is the remainder when 190952 is divided by 63637?
41
Calculate the remainder when 114565 is divided by 115.
25
Calculate the remainder when 3980 is divided by 567.
11
What is the remainder when 249454 is divided by 494?
478
What is the remainder when 10189 is divided by 112?
109
Calculate the remainder when 246806 is divided by 135.
26
Calculate the remainder when 3741 is divided by 626.
611
Calculate the remainder when 4378 is divid